he prime factors of y.
2, 5
Let w = -131 + 136. Suppose -30 = -s + w. What are the prime factors of s?
5, 7
Let d = 242 + 3595. What are the prime factors of d?
3, 1279
Let r(a) = -a**3 - 6*a**2 + 10*a + 10. Let b be r(-7). Let k = 15 + b. Suppose -k*y + y + 150 = 0. List the prime factors of y.
2, 5
Let o = 547 + -78. Let m be (o/(-14))/((-2)/4). Suppose a = -5*f + 4, m = 5*a - a + 3*f. List the prime factors of a.
19
Let n = -1755 + 3881. What are the prime factors of n?
2, 1063
Suppose 0 = 6*p - 233 - 1603. What are the prime factors of p?
2, 3, 17
Suppose -1411 = -8*x + 3341. List the prime factors of x.
2, 3, 11
Suppose 0 = -4*o + 2323 - 707. List the prime factors of o.
2, 101
Let s(t) = -2*t + 11. Let v be s(5). Let o(l) = v + 3*l - 2*l - 8*l**2 + 18*l**2. List the prime factors of o(-2).
3, 13
Let f = 1 + 4. Let q = f + -8. What are the prime factors of (3 + -4)*(q + -24)?
3
Suppose 22*t - 27*t + 1155 = 0. List the prime factors of t.
3, 7, 11
Suppose 0 = -b - b - 5*o + 150, 2*b - o - 150 = 0. Let r = b + -72. What are the prime factors of r?
3
What are the prime factors of 2/8 - (-719901)/364?
2, 23, 43
Suppose -29248 = -127*n + 119*n. List the prime factors of n.
2, 457
Suppose 2*c - 6121 = 5*h, 5*c + 5*h + 0*h - 15390 = 0. What are the prime factors of c?
7, 439
Let s be (-2*1 - -10)/2. Let w = 34 + 40. Suppose -s*t + w = -130. List the prime factors of t.
3, 17
What are the prime factors of ((-98)/4)/((-28)/1568)?
2, 7
Suppose 6255 = -7*y + 45637. What are the prime factors of y?
2, 29, 97
Let s = 246 - 154. What are the prime factors of s?
2, 23
Let f = 15 + 13. Suppose 3*t - 26 - f = 5*r, -t + 3*r + 22 = 0. List the prime factors of t.
13
Suppose 7 = 5*b - 13. Let q(m) = 4*m**2 - m + 6. What are the prime factors of q(b)?
2, 3, 11
Suppose 144 = -8*s + 24. List the prime factors of 246/s*10/(-4).
41
Let p be (-16)/24 - 2/(-3). Suppose p*v - 2*v = -4*y - 90, -v + 33 = y. What are the prime factors of v?
37
Suppose 5 = -5*k - 0. Let d = k - -6. Suppose -d*n = -4*j - 2*n + 112, -2*n + 67 = 3*j. What are the prime factors of j?
5
Let q = 13 - -36. Let c = 23 + q. List the prime factors of c.
2, 3
Let l(b) = b**2 + 4*b - 17. Let u be l(-8). What are the prime factors of -172*(-2 - u/(-12))?
3, 43
Suppose 2532 = 265*s - 262*s. What are the prime factors of s?
2, 211
Suppose 13*a - z - 603 = 11*a, 0 = 2*z + 2. What are the prime factors of a?
7, 43
Let q = 5 - 5. List the prime factors of 65 + 4 - q/(-2).
3, 23
Let w(j) = 5*j + 18. Let g(s) = 4*s + 18. Let d(q) = 4*g(q) - 3*w(q). List the prime factors of d(24).
2, 3, 7
Let x be (-16)/6*(-45)/20. Let f(c) = -4*c**2 + 5*c + 12. Let l be f(5). What are the prime factors of (-8)/6*l/x?
2, 7
Suppose 6219 = 3*o - 2*i - i, -3*o + 6212 = 4*i. What are the prime factors of o?
2, 7, 37
Let t(a) = -a**3 - 8*a**2 - 2*a + 17. Let j be t(-7). Let b = j - -18. Suppose 2*d - 160 = -4*y - 2*d, b = y + 3*d - 48. List the prime factors of y.
2, 3
Let t(p) be the third derivative of p**6/120 - 2*p**5/15 - p**4/6 + p**3/6 + 3*p**2. Let i be t(8). Let o = -19 - i. List the prime factors of o.
2, 3
Suppose -2*v + u + 543 = 0, 3*u - 621 = -3*v + 189. Suppose 0 = 2*h - 3*h + 2, -3*h = -j + v. List the prime factors of j.
277
Suppose 68*p + 5639 = w + 73*p, -5*w + p = -28299. What are the prime factors of w?
5659
Let n(b) = -1. Let y(j) = -2*j**3 - j - 51. Let q(a) = -3*n(a) - y(a). What are the prime factors of q(0)?
2, 3
Suppose 5*x - 9720 = 5*i, -i + 11 = 3*x - 5829. What are the prime factors of x?
2, 7, 139
Let z = 4650 - 2174. What are the prime factors of z?
2, 619
Let s(y) = 565*y - 53. What are the prime factors of s(2)?
3, 359
Suppose 10 = 5*w - 5. Suppose -6*a + w*a = -12. Suppose -79 = -a*f - 3. What are the prime factors of f?
19
Let s(q) be the second derivative of 0 + q + 5/6*q**4 + q**2 - 1/3*q**3. What are the prime factors of s(2)?
2, 19
Let l(o) = 179*o**2 + 7*o. What are the prime factors of l(2)?
2, 5, 73
Let g be -3 - (56 - (3 - 2)). Let s = 38 + g. Let v = 33 + s. List the prime factors of v.
13
Suppose 7*s + 505 = 8*s. List the prime factors of s.
5, 101
Suppose 1080 = 4*a + 284. Let x = -73 + a. List the prime factors of x.
2, 3, 7
Let h(x) be the second derivative of x**3 - 3*x**2 + 56*x. Let d be (-1)/(-4) - 30/(-8). What are the prime factors of h(d)?
2, 3
Let q(i) = -i**3 + 6*i**2 - i + 8. Suppose -8*p + 3*p = 85. Let l = 23 + p. List the prime factors of q(l).
2
List the prime factors of (-22698)/(-14) - 90/315.
1621
Suppose -c - c - 26 = z, 4*c - 20 = 2*z. Suppose -4*j + n = -100 - 57, j - 46 = -2*n. Let o = j + z. What are the prime factors of o?
2, 11
Let u(n) = 17*n**2 + 3*n + 8. Suppose 17 - 11 = -2*w. What are the prime factors of u(w)?
2, 19
Let p(u) = 7*u**2 + 418*u - 91. List the prime factors of p(-63).
2, 7, 97
Let l(n) be the third derivative of -n**6/120 - 11*n**5/60 - n**4/24 - 13*n**3/6 + 5*n**2. Let x be l(-11). What are the prime factors of (44/(-8))/(1/x)?
11
Let p = 17 + -28. Let q be (10/(-8))/((-4)/(-80)). Let d = p - q. List the prime factors of d.
2, 7
Let k = 1499 + -860. What are the prime factors of k?
3, 71
Let m = 67 + -65. Suppose -292 = -2*j + 5*a, -5*a - 428 = -j - m*j. What are the prime factors of j?
2, 17
Let w(n) = -n**2 - 17*n - 14. Let l be w(-21). List the prime factors of (l - 0)*-3*6/18.
2, 7
Suppose -5*y + 25*c = 29*c - 565, -4*c = -5*y + 605. List the prime factors of y.
3, 13
Let p be 97/(-3) + (-1)/(-3). Let m be 1/4 - (-8)/p. Suppose -3*j - 2*j - 3*u = -94, -j - u + 18 = m. What are the prime factors of j?
2, 5
Suppose 40 = -4*j - 52. Let u be (j + -1)*2/4. Let l = 74 + u. List the prime factors of l.
2, 31
Suppose 0 = 5*j - 3*r - 107, -j + 5 + 2 = 3*r. Suppose x - j - 96 = 0. What are the prime factors of x?
5, 23
Let u be (-1)/9*3*33. Let r be 8/2 + 11 + u. List the prime factors of r/(-7) - (-1314)/21.
2, 31
Let d(y) = y**3 + 4*y**2 - 4*y + 10. Let c be d(-5). Suppose 4*j - 56 = -4*n, -c*j - 4*n = -5*n - 40. Let g = 42 + j. What are the prime factors of g?
3, 17
Suppose 15760 = 30*g - 14390. What are the prime factors of g?
3, 5, 67
Suppose -8965 = -15*z + 4*z. List the prime factors of z.
5, 163
Let c(q) = -4*q - 3. Let p = -2 - 0. Let s be c(p). Suppose 112 = -x + s*x. List the prime factors of x.
2, 7
Let r = 1939 + 1795. List the prime factors of r.
2, 1867
Let c be 4 - (746/10 + (-34)/(-85)). Let g = 159 - c. What are the prime factors of g?
2, 5, 23
Let l(a) = 3*a**3 - 3*a. Suppose -5*y - 12 = -32. Let x be l(y). List the prime factors of (x/35)/((-6)/(-28)).
2, 3
Suppose 10 = 4*n - 6. Suppose -9 = n*m - 7*m. Suppose -j + 176 = m*j - l, 2*j + 2*l - 98 = 0. What are the prime factors of j?
3, 5
List the prime factors of -2 + 16/2 + 902.
2, 227
Let o(m) = -1341*m - 6. Let p be o(10). What are the prime factors of p/(-108) - (-4)/(-18)?
2, 31
Let m(r) = -r**3 - 10*r**2 - 31*r - 58. List the prime factors of m(-8).
2, 31
Let g(k) = k. Let b be g(4). Let l(q) = 10*q - 16. Let d be l(6). Suppose h - t = d, -b*h - t + 146 = -20. List the prime factors of h.
2, 3, 7
Let a = 3814 + -2503. List the prime factors of a.
3, 19, 23
Suppose -2*t + 761 = -3*w, 2*t - 4*w - 584 = 172. What are the prime factors of t?
2, 97
Suppose 0 = 120*g - 83*g - 88837. What are the prime factors of g?
7
Let j be (-36)/48 - 3/(-4). Suppose 3*i + 7*c - 2*c - 606 = j, 2*i + 5*c - 409 = 0. List the prime factors of i.
197
Let w = 2745 - 1910. List the prime factors of w.
5, 167
Suppose 3*l - 4*l - 3*r = -6, 0 = 3*r - 3. Suppose 29 = l*a + 5. Suppose a = p - 4. List the prime factors of p.
2, 3
Let j = -62 + 90. Suppose -a + j = -38. List the prime factors of a.
2, 3, 11
Suppose 7 = 5*v - x - 1, 3*v = -4*x + 14. Let j = 105 + -74. Suppose -4*r + j + 48 = -5*o, -v*r = -o - 35. What are the prime factors of r?
2
Suppose -2*c - c + 15 = 0, d - c + 3 = 0. Let l be 30/6 - (-4)/d. Let y = 21 - l. List the prime factors of y.
2, 7
Let i(w) = w + 9. Let y be i(-6). Let k be y/9 - (-7852)/6. List the prime factors of k/63 - (-4)/18.
3, 7
Let m(p) = 8*p**2 + 3*p + 2. Let u be m(-1). Let w = 11 - u. Suppose 2*z - 31 = -v + 6*z, 0 = w*v + 4*z - 64. What are the prime factors of v?
19
Let p be (-415)/10 + 1/(-2). Let h be (36/14)/(6/p). Let j = 60 + h. What are the prime f